 Calculate the greatest common divisor of a and u.
8
Let d be 96/14 - 3/(-21). What is the highest common factor of d and 49?
7
Suppose 0 = 3*u + u - 16, 32 = 2*g + 2*u. Calculate the greatest common divisor of 84 and g.
12
Let a(g) = g**2 + 4*g + 5. Let s be a(-4). Suppose -h - 4*u = -44, 114 - 334 = -s*h + 3*u. Calculate the greatest common divisor of 11 and h.
11
Let u be (4/(-7))/2 + (-1204)/(-98). What is the highest common divisor of u and 12?
12
Let h(c) = -c**2 + 2*c - 2. Let s be h(4). Let t = s + 15. Calculate the greatest common factor of t and 40.
5
Let d be -2 - 6/(-3) - (-25 + 10). Calculate the highest common divisor of d and 3.
3
Suppose 3*u + 3*y - 114 = 0, -3*y - 5 = 1. What is the highest common divisor of u and 10?
10
Suppose -3*m + m = -x - 18, -3*x = -4*m + 40. Suppose 0 = 38*i - 13*i - 175. Calculate the highest common divisor of i and m.
7
Let n = -13 + 15. Let z be -3 + (-2)/n*-23. Calculate the greatest common factor of z and 100.
20
Suppose s + 1 - 4 = 0. Let a be (-2 + s)/(2/72). What is the greatest common factor of 4 and a?
4
Suppose 3*k - 44 = 2*k. Suppose 5*x + 0*g - 16 = 2*g, 2*x + g - 10 = 0. Calculate the highest common factor of k and x.
4
Let t be (-2 + 2)*2/(-4). Let o = t + 9. What is the greatest common factor of 45 and o?
9
Suppose -2*d + 56 = 4*b + 3*d, 3*b = -d + 42. Calculate the greatest common factor of b and 112.
14
Let z(x) = -x + 7. Let d be z(-12). Suppose -141 = -2*b - 27. Calculate the highest common divisor of d and b.
19
Suppose 2*y + o = -2*y, 5*y = -3*o. Let m be (0 - 1) + y + 2. Suppose -2*b + 31 = 13. Calculate the highest common divisor of m and b.
1
Suppose -4*u + d = -223, 0*u + 4*u - 217 = -d. Calculate the highest common divisor of u and 11.
11
Suppose -l + 22 = 3*n, 2*l - 30 = -6*n + 2*n. What is the greatest common divisor of 161 and n?
7
Let f(l) = -l**2 - 22*l - 22. Let j be f(-17). What is the highest common factor of 42 and j?
21
Suppose -3*v - 3 = -2*v. Let r be ((-4)/v)/(16/216). Calculate the highest common divisor of 9 and r.
9
Let s = -7 + 62. What is the greatest common divisor of 11 and s?
11
Let c be (24/20)/(9/390). Calculate the greatest common factor of c and 13.
13
Suppose -4*l + 12 = -0. Calculate the greatest common divisor of l and 6.
3
Suppose -25 = -2*u - 3*u. Suppose -6*k + 2*k = -8, 3*h - u*k = -4. Suppose -10 = -t + h*y, 31 = 4*t + 3*y - 20. What is the greatest common divisor of 60 and t?
12
Let z(s) = s - 6. Let i be z(0). Let p = i + 26. Calculate the greatest common divisor of 50 and p.
10
Let x(s) = -s + 6. Let k be x(0). Suppose 2*r - 2 - k = 0. Suppose 0*u - r*u - i + 228 = 0, 4*u = 3*i + 228. What is the highest common divisor of u and 19?
19
Suppose 0*l + 6 = -l - 4*c, -2*c = 5*l - 60. What is the greatest common factor of l and 7?
7
Let j(c) = 18*c + 10. Let q be j(7). What is the highest common factor of 17 and q?
17
Suppose -5*j = 5, -3*n + 3*j = -8*n - 58. Let x = 18 + n. Let r = x + -5. What is the highest common factor of r and 16?
2
Let a = 15 + -11. Suppose 45 + 135 = a*u. Calculate the highest common divisor of u and 18.
9
Let d be 0 - (0 + -1)*6. Let s(x) = 2*x**2 + 2. Let h be s(-2). Let z = -7 + h. Calculate the greatest common factor of z and d.
3
Let r(x) = 3*x - 10. Let t be r(4). Let n be 425/10 + 3/t. What is the highest common factor of n and 66?
22
Let o be (55/(-2))/((-1)/2). Let t be ((-10)/3)/((-54)/81). What is the greatest common factor of o and t?
5
Let t be (-1)/((-51)/27 - -2). Let n(z) = -z**3 - 10*z**2 - 10*z - 6. Let g be n(t). Suppose 13 - 37 = -g*b. What is the highest common divisor of 1 and b?
1
Suppose k - 18 - 31 = 0. Calculate the greatest common divisor of 7 and k.
7
Let i = -66 + 74. Calculate the greatest common divisor of 8 and i.
8
Let o = 26 + -2. Let c be ((-8)/o)/((-1)/27). What is the greatest common divisor of 63 and c?
9
Let a be 4/(-14) + 508/14. Let j = 2 - -10. What is the highest common factor of j and a?
12
Let s = -48 - -120. Let a be ((-2)/4)/(4/(-152)). Suppose -3*t = 4*q - 35, -q + 3*q = -3*t + a. What is the highest common factor of s and q?
8
Let n be -1*(3 - 0)*-1. Let u = 25 - 4. What is the highest common divisor of u and n?
3
Let j(w) = -w**2 - 15*w - 27. Let p be j(-12). Calculate the highest common divisor of 18 and p.
9
Let h = -17 - -12. Let t = -2 - h. Suppose -9 = -t*g + 27. Calculate the greatest common factor of 60 and g.
12
Let b = 18 + -15. Suppose -b*n + 47 = -13. Calculate the highest common divisor of 20 and n.
20
Suppose -b + 12 + 1 = 0. What is the greatest common divisor of 13 and b?
13
Suppose -6 - 4 = y. Let d be ((-4)/5)/(1/y). What is the highest common divisor of d and 20?
4
Let t(y) = -5*y - 6. Let v(p) = -9*p - 11. Let z(n) = 7*t(n) - 4*v(n). Let b be z(4). Calculate the highest common factor of b and 48.
6
Let o(d) = 2*d**2 + 2*d - 6. Let l be o(-3). Let j be 3/l - (-71)/2. Calculate the greatest common factor of 90 and j.
18
Let j = -17 + 58. Calculate the highest common factor of j and 82.
41
Let f be 4*((-17)/(-2) + -2). Calculate the highest common divisor of f and 65.
13
Suppose 0 = r + 4*r - 35. Suppose 77 = r*g - 6*g. What is the highest common factor of g and 11?
11
Let n = -48 - -76. Calculate the highest common factor of n and 4.
4
Let t be 6/15*660/3. Calculate the greatest common divisor of t and 22.
22
Let s be (24*2)/((-3)/(-2)). Let b(z) = z**3 + 3*z**2 - 3*z - 1. Let g be b(-3). What is the greatest common factor of g and s?
8
Suppose 0 = -2*m + 3*y - 6, -5*m = -5*y + 34 - 9. Suppose 0 = 4*k + 13 - 85. Let x = m + k. Calculate the highest common factor of 3 and x.
3
Let s(i) = -2*i - 3. Let c be s(-2). Suppose 4*t - 9 = f - c, 2*f = 5*t - 7. Suppose 4 = -2*v + t*v. Calculate the greatest common factor of 28 and v.
4
Let x be 8/3*(-24)/(-2). Let y(z) = -3*z**3 - z. Let q be y(-1). Suppose -320 = -q*h - 0*h. Calculate the greatest common divisor of h and x.
16
Suppose 40 = 3*a + a. Suppose -a + 22 = 3*f. Let w(i) = 8*i - 4. Let c be w(3). What is the greatest common factor of f and c?
4
Let m(s) = s + 11. Let w be m(12). What is the highest common divisor of 115 and w?
23
Let p be ((-40)/16 - -8)/(2/4). Suppose 0 = -4*i - o + 486, 0*i + 2*o + 601 = 5*i. What is the greatest common factor of i and p?
11
Suppose -65 = -3*c - 2*c. Let t = c + 2. Let b(y) = y**3 + 6*y**2 - 2*y - 9. Let q be b(-6). Calculate the greatest common divisor of t and q.
3
Let h = -49 + 98. What is the greatest common factor of h and 7?
7
Suppose 2*n + 2*n = 192. Let f = 68 - 42. Suppose -4 = -4*z + 5*d, 0 = -4*d - 10 + f. Calculate the greatest common factor of z and n.
6
Let d be ((-2)/(-4))/(3/180). Suppose h + 135 = 4*h. What is the greatest common factor of h and d?
15
Let s be 3/(-4) + 195/20. Suppose 0*i + 2*i - 10 = 0. Suppose 25 = -5*a, -6 = -i*k - 3*a + 24. Calculate the highest common factor of s and k.
9
Let k be (-9)/((-4)/((-16)/3)). Let y = 14 + k. Calculate the highest common divisor of y and 3.
1
Let d = -2 - -6. Suppose 0 = d*x - 8. Suppose 2*q - 14 = -x. Calculate the greatest common factor of 6 and q.
6
Let n be (-35 - 1)*1*28/(-16). What is the greatest common factor of n and 42?
21
Let o be 12/2*2/6. Let h(v) = -v**3 - 9*v**2 - 10*v - 12. Let i be h(-8). Suppose -i*z = -12 - 0. What is the highest common divisor of z and o?
1
Suppose 2*u - 3*j + 275 = 0, 0*u - 3*j - 420 = 3*u. Let d = -73 - u. Calculate the highest common factor of d and 6.
6
Suppose v + 41 - 51 = 0. Calculate the greatest common divisor of v and 80.
10
Let c be (2 - 4/1) + (59 - -13). Let w(h) = -h**3 - h**2 + 3*h + 1. Let i be w(-3). What is the highest common factor of c and i?
10
Suppose -2*c + 3*c - 23 = -5*j, 5*c - 142 = 2*j. What is the highest common factor of 4 and c?
4
Suppose -5*m - 2*p + 94 = 0, 5*m + 0*p = p + 103. What is the greatest common divisor of 160 and m?
20
Suppose -3*w + 4*w = 9. Calculate the greatest common factor of 18 and w.
9
Let b(q) = 3*q**2 - q + 2. Let c = 5 - 8. Let v be c*6/(-27)*-3. Let u be b(v). Calculate the highest common factor of u and 64.
16
Suppose 33*b - 35*b = -238. What is the greatest common factor of b and 17?
17
Suppose -2*a + 147 = 4*u + a, 2*a + 89 = 3*u. Let t = 2 + -4. Let v be ((-1)/t)/((-3)/(-66)). What is the greatest common di